t 1 (base 8) to base 5.
1
What is 1 (base 8) in base 9?
1
Convert -4 (base 7) to base 11.
-4
Convert 7 (base 15) to base 7.
10
-23 (base 6) to base 3
-120
What is 4 (base 6) in base 10?
4
1 (base 14) to base 12
1
-22 (base 4) to base 8
-12
Convert -21 (base 5) to base 11.
-10
What is 0 (base 15) in base 14?
0
Convert -137 (base 14) to base 16.
-f5
0 (base 5) to base 6
0
1012 (base 4) to base 3
2121
Convert -104 (base 6) to base 15.
-2a
31 (base 16) to base 2
110001
277 (base 8) to base 15
cb
8b (base 15) to base 12
ab
What is -264 (base 11) in base 12?
-220
Convert -10 (base 3) to base 9.
-3
-73 (base 14) to base 16
-65
8 (base 13) to base 14
8
-3 (base 7) to base 5
-3
1210 (base 5) to base 15
c0
16 (base 9) to base 10
15
Convert -10 (base 2) to base 10.
-2
What is 5 (base 14) in base 12?
5
What is -1012 (base 3) in base 13?
-26
What is -3 (base 4) in base 8?
-3
Convert -4 (base 16) to base 3.
-11
Convert -10 (base 3) to base 8.
-3
10 (base 6) to base 10
6
124 (base 15) to base 8
403
Convert 2 (base 8) to base 5.
2
What is -4 (base 9) in base 16?
-4
Convert 10 (base 6) to base 3.
20
86 (base 9) to base 6
210
Convert -38 (base 15) to base 5.
-203
-6 (base 7) to base 15
-6
5 (base 10) to base 2
101
8 (base 9) to base 8
10
What is 14 (base 5) in base 6?
13
102 (base 3) to base 16
b
What is 4 (base 16) in base 4?
10
What is 6 (base 14) in base 16?
6
Convert da (base 14) to base 10.
192
Convert -8d (base 14) to base 13.
-98
5 (base 15) to base 7
5
Convert 10 (base 12) to base 6.
20
-4 (base 15) to base 5
-4
What is -19 (base 14) in base 9?
-25
85 (base 9) to base 11
70
Convert -10010 (base 2) to base 7.
-24
Convert -111 (base 2) to base 11.
-7
What is -f (base 16) in base 6?
-23
What is -6 (base 8) in base 16?
-6
320 (base 8) to base 13
130
What is -5 (base 13) in base 10?
-5
What is 1 (base 4) in base 15?
1
What is -7 (base 15) in base 10?
-7
Convert 46 (base 12) to base 15.
39
-225 (base 7) to base 16
-75
3 (base 8) to base 12
3
What is -3 (base 4) in base 10?
-3
What is 19 (base 15) in base 14?
1a
-25 (base 6) to base 14
-13
What is 1 (base 14) in base 10?
1
What is 1 (base 8) in base 7?
1
Convert 3322 (base 4) to base 9.
307
What is -11 (base 7) in base 3?
-22
Convert -18 (base 15) to base 8.
-27
34 (base 5) to base 11
18
Convert -21 (base 3) to base 4.
-13
6 (base 8) to base 12
6
What is 70 (base 8) in base 11?
51
What is -11 (base 7) in base 4?
-20
-12 (base 7) to base 16
-9
What is 10 (base 6) in base 8?
6
Convert 3 (base 6) to base 9.
3
12 (base 9) to base 3
102
3 (base 9) to base 5
3
-2 (base 16) to base 6
-2
-21 (base 6) to base 11
-12
136 (base 7) to base 15
51
What is 15 (base 8) in base 12?
11
8 (base 14) to base 3
22
What is 10 (base 10) in base 8?
12
110 (base 3) to base 9
13
What is -4 (base 12) in base 3?
-11
6 (base 9) to base 14
6
Convert -41 (base 10) to base 12.
-35
Convert -a (base 15) to base 8.
-12
40 (base 7) to base 3
1001
Convert -1002 (base 6) to base 9.
-262
4 (base 6) to base 13
4
454 (base 6) to base 5
1203
What is 114 (base 5) in base 4?
202
What is 8 (base 10) in base 4?
20
Convert 1011 (base 2) to base 13.
b
2 (base 13) to base 14
2
What is 72 (base 10) in base 6?
200
31 (base 6) to base 3
201
Convert 305 (base 8) to base 5.
1242
Convert -6 (base 7) to base 9.
-6
Convert 13f (base 16) to base 8.
477
What is 0 (base 4) in base 15?
0
302 (base 5) to base 9
85
What is 2 (base 9) in base 2?
10
What is 15 (base 11) in base 2?
10000
2 (base 11) to base 4
2
-19 (base 15) to base 4
-120
What is -22 (base 10) in base 3?
-211
What is 1121 (base 3) in base 7?
61
-5 (base 16) to base 14
-5
What is 22 (base 8) in base 10?
18
Convert 2 (base 8) to base 6.
2
-51 (base 6) to base 8
-37
a (base 11) to base 4
22
3 (base 7) to base 12
3
-101 (base 16) to base 7
-515
1 (base 16) to base 10
1
What is -22 (base 9) in base 16?
-14
Convert 1232 (base 6) to base 16.
134
-22 (base 10) to base 6
-34
22 (base 6) to base 5
24
Convert -133 (base 5) to base 3.
-1121
2 (base 4) to base 8
2
What is 10 (base 6) in base 15?
6
What is 168 (base 10) in base 15?
b3
-30 (base 11) to base 16
-21
Convert -eb (base 15) to base 16.
-dd
11 (base 7) to base 16
8
What is 6 (base 9) in base 5?
11
0 (base 5) to base 11
0
-1 (base 8) to base 13
-1
What is 7 (base 12) in base 2?
111
Convert 11 (base 9) to base 5.
20
2 (base 12) to base 11
2
Convert 4 (base 14) to base 13.
4
What is 63 (base 8) in base 4?
303
90 (base 12) to base 13
84
What is -310 (base 4) in base 11?
-48
-6 (base 8) to base 11
-6
-59 (base 16) to base 7
-155
-e (base 15) to base 11
-13
5 (base 13) to base 2
101
8a (base 14) to base 13
95
-2 (base 10) to base 16
-2
What is 11 (base 7) in base 14?
8
Convert 0 (base 15) to base 13.
0
What is -82 (base 12) in base 16?
-62
83 (base 12) to base 7
201
What is -13 (base 4) in base 3?
-21
What is -142 (base 11) in base 10?
-167
What is -4 (base 5) in base 4?
-10
14 (base 8) to base 2
1100
Convert 11 (base 2) to base 14.
3
Convert -133 (base 11) to base 5.
-1112
What is -14 (base 12) in base 7?
-22
-75 (base 12) to base 10
-89
45 (base 8) to base 4
211
Convert 12 (base 4) to base 11.
6
Convert 1303 (base 4) to base 11.
a5
What is -34 (base 8) in base 13?
-22
-10 (base 4) to base 2
-100
What is 12 (base 7) in base 8?
11
1 (base 2) to base 3
1
What is -59 (base 10) in base 13?
-47
Convert -2 (base 12) to base 2.
-10
112 (base 3) to base 5
24
What is 0 (base 7) in base 4?
0
Convert -5 (base 12) to base 2.
-101
What is 6 (base 13) in base 11?
6
Convert -200 (base 4) to base 9.
-35
-140 (base 13) to base 10
-221
Convert 90 (base 16) to base 13.
b1
Convert 4 (base 13) to base 6.
4
Convert -410 (base 5) to base 6.
-253
What is 1015 (base 6) in base 4?
3203
Convert -3 (base 13) to base 5.
-3
What is 41 (base 6) in base 16?
19
-c (base 14) to base 9
-13
Convert -9 (base 16) to base 4.
-21
5 (base 8) to base 7
5
122 (base 3) to base 9
18
What is -3 (base 4) in base 6?
-3
-1010 (base 6) to base 4
-3132
What is -1210 (base 4) in base 11?
-91
36 (base 11) to base 3
1110
What is -445 (base 6) in base 9?
-212
Convert -3 (base 5) to base 11.
-3
Convert -65 (base 8) to base 3.
-1222
Convert -10 (base 9) to base 10.
-9
Convert -4 (base 12) to base 2.
-100
What is -2 (base 4) in base 10?
-2
5c (base 16) to base 5
332
Convert 12a (base 14) to base 3.
22200
What is 145 (base 8) in base 2?
1100101
What is 40 (base 7) in base 9?
31
What is 20 (base 5) in base 10?
10
Convert 1101111 (base 2) to base 13.
87
Convert -1001 (base 4) to base 8.
-101
Convert -10 (base 2) to base 16.
-2
1 (base 11) to base 4
1
20 (base 4) to base 15
8
What is -23 (base 12) in base 6?
-43
-305 (base 6) to base 4
-1301
33 (base 9) to base 14
22
Convert 5 (base 15) to base 14.
5
-bd (base 15) to base 2
-10110010
545 (base 6) to base 12
155
Convert 9 (base 10) to base 12.
9
Convert -12 (base 4) to base 3.
-20
What is -12 (base 7) in base 10?
-9
Convert 8b (base 12) to base 10.
107
-10 (base 4) to base 5
-4
-1 (base 7) to base 14
-1
Convert 8 (base 12) to base 7.
11
20 (base 15) to base 13
24
What is -5 (base 9) in base 8?
-5
Convert -1 (base 15) to base 5.
-1
What is 1313 (base 4) in base 7?
230
22 (base 6) to base 8
16
-5 (base 10) to base 12
-5
Convert 2 (base 12) to base 2.
10
What is 2 (base 11) in base 2?
10
Convert -120 (base 6) to base 3.
-1210
-3 (base 9) to base 5
-3
What is -120 (base 7) in base 12?
-53
What is 42 (base 9) in base 7?
53
Convert 231 (base 4) to base 10.
45
Convert -24 (base 8) to base 10.
-20
Convert 6 (base 7) to base 14.
6
Convert 43 (base 12) to base 14.
39
Convert 11220 (base 3) to base 5.
1012
What is -48 (base 10) in base 13?
-39
What is -1 (base 6) in base 16?
-1
-100011 (base 2) to base 5
-120
21 (base 10) to base 14
17
Convert -6 (base 15) to base 13.
-6
What is -14 (base 16) in base 6?
-32
What is 203 (base 8) in base 5?
1011
What is 1302 (base 6) in base 13?
1c1
31 (base 5) to base 6
24
What is 118 (base 9) in base 14?
70
-31 (base 6) to base 2
-10011
Convert -109 (base 11) to base 2.
-10000010
1110000 (base 2) to base 5
422
What is 100 (base 3) in base 16?
9
What is 22 (base 14) in base 7?
42
0 (base 4) to base 3
0
Convert -80 (base 14) to base 10.
-112
Convert -124 (base 8) to base 12.
-70
What is -32 (base 7) in base 16?
-17
What is -13 (base 5) in base 15?
-8
Wh